 5*b. Let f = h + b. Calculate the remainder when 5 is divided by f.
1
Let o(l) = -9*l - 4. Calculate the remainder when o(-3) is divided by 12.
11
Let d(h) = h**3 + h**2 + 58. Let c be (2/4)/(1/(-4)). Let g = 2 + c. What is the remainder when d(g) is divided by 20?
18
Let i(d) = d**3 + 15*d**2 + 13*d - 6. Let f = 13 + -8. What is the remainder when i(-14) is divided by f?
3
Suppose -5*v + 2*v = 0. Suppose v = -h - 0 + 11. Calculate the remainder when 43 is divided by h.
10
Calculate the remainder when 57 is divided by (-1 - 2)*10/(-2) - 0.
12
Let d = -36 + 52. Calculate the remainder when 30 is divided by d.
14
Suppose -x + 3 = -2*p, -48 + 16 = -4*x + 3*p. Calculate the remainder when (-450)/(-10) - (0 - -2) is divided by x.
10
Let b(g) = g**2 - 6*g + 11. Let k be b(6). Suppose -156 = -5*y - k. Calculate the remainder when y is divided by 10.
9
Suppose -32 = -2*l + 6. Calculate the remainder when 55 is divided by l.
17
Let g = -8 - -9. Calculate the remainder when 47 is divided by g - -1 - (1 + -11).
11
Let a = 47 - 34. What is the remainder when a is divided by (-4)/6 - 23/(-3)?
6
Let l be 1 - (-2 - (-1 - -2)). Calculate the remainder when 50 is divided by 71/l + 12/(-16).
16
Suppose -7*y + 2*y = -25. Calculate the remainder when 17 is divided by y.
2
Let w(k) = 2*k + 2. Let x(s) = -2*s - 8. Let c be x(7). Let y = c + 45. Calculate the remainder when y is divided by w(3).
7
Let w = -27 - -32. Let o = -4 + 7. What is the remainder when w is divided by o?
2
Let c = 13 - -6. Suppose 2*i - c = -7. Suppose i*u - n = 2*u + 22, -4*u = 2*n - 16. What is the remainder when 9 is divided by u?
4
Let x = -29 - -34. Calculate the remainder when 9 is divided by x.
4
Let h(f) = -f**2 + 22*f - 5. Calculate the remainder when 88 is divided by h(21).
8
Suppose 4*k - 148 = 5*a - 375, -a + k = -45. What is the remainder when a is divided by 16?
15
Suppose 4*h - 47 - 29 = 0. Calculate the remainder when 36 is divided by h.
17
Let c(s) = -2*s + 42. What is the remainder when c(-17) is divided by 16?
12
What is the remainder when 39 is divided by 2 + (-29)/(-2) + (-18)/36?
7
Let z(l) = l**2 + l + 1. What is the remainder when z(-5) is divided by 6?
3
Suppose 4*p = -2*a - 430, p + 5*a - 560 = 6*p. Let y = p - -56. Let c = -30 - y. What is the remainder when c is divided by 12?
11
Let h be (-4)/(-16) - 51/12. Let g be -3 + 4 + -1*2. What is the remainder when 16 is divided by ((-6)/(-4))/(g/h)?
4
What is the remainder when 76 is divided by -3 + (-1 - -34) + -4?
24
Suppose g - 2 = 3*g. Let o(t) = 5*t**3 + 2*t**2 + 2*t + 1. Let s be o(g). Calculate the remainder when 3/6 - 62/s is divided by 6.
4
Let n(w) = w**3 - 10*w**2 - 5*w - 13. Suppose 5*l = -3*c + 138, 0 = 4*l - 3*c + 2*c - 107. What is the remainder when n(11) is divided by l?
26
Let g be 6*((-6)/9)/1. What is the remainder when 636/g*(-1)/3 is divided by 9?
8
Suppose 0 = -0*w - w + 44. Let g = -3 - -6. Suppose 0 = -g*f + 2*f + 15. What is the remainder when w is divided by f?
14
Suppose 2*w = 2*g + 2*g + 24, 5*w - 11 = 3*g. Let q(s) be the second derivative of -s**3/6 - 2*s**2 - 4*s. Calculate the remainder when 8 is divided by q(g).
2
Let y(h) = 5*h**2 + 2*h - 2. Let r be (4 - -6)/((-2)/16). What is the remainder when (-9)/(-6)*r/(-3) is divided by y(-2)?
12
Calculate the remainder when 56 is divided by 174/3*-1*(-3)/6.
27
Let v(p) = -p**3 - 3*p**2 + 4*p + 1. Let x = -6 + 7. Calculate the remainder when v(-4) is divided by x.
0
Suppose -j = -2*m + 89, -3*m + 2*j = 3*j - 131. Calculate the remainder when m is divided by 12.
8
Let s(a) be the first derivative of a**4/2 - 5*a**3/3 + 3*a**2/2 - a + 3. Calculate the remainder when s(3) is divided by 6.
5
What is the remainder when (-13)/(-2) + 12/24 is divided by 4?
3
Let r = -4 - -6. Calculate the remainder when ((-23)/r)/((-6)/12) is divided by 13.
10
Let m(o) = -o + 16. Let w be m(0). Suppose 0 = -4*y + w. Calculate the remainder when 10 is divided by y.
2
Let q(j) = j**2 + 17*j + 17. Calculate the remainder when 67 is divided by q(-17).
16
Let a(h) = h**3 + 6*h**2 - 4*h - 6. Let v = 3 - 9. Let u be a(v). Suppose f - u = -2*f. Calculate the remainder when 16 is divided by f.
4
Suppose -2*m = -d - 52, -3*m + 76 = -0*m - d. Calculate the remainder when (-16)/m*(-38 + -1) is divided by 14.
12
Suppose 0 = -3*w + 3*i - 8*i - 36, -5*i + 13 = -4*w. Let r = w + 11. Calculate the remainder when 9 is divided by r.
1
Suppose 4*y + 3*i - 200 = -i, 4*y = -i + 188. Suppose 4*t - 47 - 9 = -2*a, -5*a = -5*t + 100. What is the remainder when y is divided by t?
14
Suppose -11*t - 102 = -366. What is the remainder when 66 is divided by t?
18
Suppose 9*w + 90 = 15*w. What is the remainder when 59 is divided by w?
14
Let j be (-1185)/(-10) + 6/4. Suppose -h = 2*h - j. Suppose 0 = 5*p - 75 - h. What is the remainder when p is divided by 12?
11
Let n(w) = w**2 + 2*w - 7. Let c be n(5). Suppose -2*m + c = -m. What is the remainder when 53 is divided by m?
25
Let f = -54 + 199. Calculate the remainder when f is divided by 37.
34
Let l = 13 + -7. Let o(j) = -j**2 - 20*j - 89. What is the remainder when o(-9) is divided by l?
4
Suppose f + f - 2 = 0. Suppose 2*h + f = 3*h. What is the remainder when 3 is divided by h?
0
Suppose 0 = -5*v + 4*o + 65, 2*o = -v - 0*v - 1. Suppose 4*r = v*r - 65. Calculate the remainder when r is divided by 7.
6
Let d(x) = 4*x + 42. Calculate the remainder when 71 is divided by d(-6).
17
Let r be 4 + (3 + -1 - 0). Let t(i) = i**3 - 5*i**2 - 6*i + 6. Calculate the remainder when 22 is divided by t(r).
4
Let u = -10 - -12. Suppose 0 = -u*p + 31 - 7. What is the remainder when -3*(-1)/3 - -44 is divided by p?
9
Suppose -96 = -4*d + y, -d + 50 = d - y. Calculate the remainder when d is divided by 7.
2
Let s(y) = y**3 + 5*y**2 + 4*y + 2. Let z be s(-3). Suppose g = z + 2. Let i(n) = 5*n**3 - 4*n**2 + 3*n - 2. Calculate the remainder when i(2) is divided by g.
8
Let i(t) = t**3 - 3*t**2 - 7*t + 5. Let y be (-3)/4 - (-18)/(-8). What is the remainder when i(5) is divided by (132/8)/y*-2?
9
Let l = -21 - -33. Let o be (l/(-9) + 1)*3. Let f = o + 3. Calculate the remainder when f is divided by 1.
0
Suppose -5*y = -0*x + 2*x + 65, -5*x = 3*y + 210. Let t = x + 72. Calculate the remainder when t is divided by 14.
13
Let x = -66 + 191. Suppose -x = -4*p + f, 4*f + 17 = p - 18. Let t = 16 + -5. What is the remainder when p is divided by t?
9
Suppose -264*g = -262*g - 60. What is the remainder when 83 is divided by g?
23
Suppose -248 = -6*d + 208. Suppose 2*g - 5*p = d, 4*p + 37 = g - 7. What is the remainder when g is divided by 10?
8
Let u = -8 - -30. Calculate the remainder when u is divided by 12.
10
Let z = 1 - 5. Let n = 145 - 96. What is the remainder when n is divided by 3/(-12) + (-69)/z?
15
Let c be (2 - (-39)/1) + -1. Suppose 40 = w - 0*w - 3*m, w = 4*m + c. Let l = 2 + 12. What is the remainder when w is divided by l?
12
Let z be 6/(-2) + 60 + -3. Let x = z - 11. What is the remainder when x is divided by 11?
10
Calculate the remainder when (4/10)/((-14)/(-1260)) is divided by 20.
16
Let q be -1 + 1 + (-1 - 0). Calculate the remainder when 41 is divided by 42/(1/1 - q).
20
Suppose -2*m - 3*k - 2*k = -25, 2*m = -4*k + 22. Calculate the remainder when m is divided by 2.
1
Let x = 3 - 4. Calculate the remainder when ((-4)/(-5))/(x/(-5)) is divided by ((-2)/(-3))/((-2)/(-6)).
0
Let f be (-3)/((-68)/(-24) - 3). Calculate the remainder when 29 is divided by -1 - (0 - (-2 + f)).
14
What is the remainder when 121 is divided by 434/(-28)*(1 - 3)?
28
Let f = 15 + 99. Calculate the remainder when f is divided by 29.
27
Let q(a) = -a**3 - 7*a**2 - 3*a + 4. What is the remainder when 173 is divided by q(-7)?
23
Let w = 5 - 5. Suppose w = -2*z - 0*z + 134. Suppose 3*c - 17 = z. What is the remainder when 82 is divided by c?
26
Let t = -238 - -154. Let j = t + 143. What is the remainder when j is divided by 31?
28
Let l(b) = -b**2 + 3*b + 8. Let m be l(7). Let g = m - -30. What is the remainder when 28 is divided by g?
8
Suppose -j + 0*j = -10. Suppose -4*a = -v - 587, -8*a = -3*a + 2*v - 724. What is the remainder when a/8 + (-2)/8 is divided by j?
8
Suppose -4*v + v = -72. Suppose 5*g = -6*i + 3*i + 30, 3*i - v = -4*g. Suppose -4*f = -g - 6. Calculate the remainder whe